pose -2*m + 328 = 3*g - 381, -3*m - a*g = -1071. Suppose 580 = 2*c - m. Is c prime?
False
Let b = 115 - 112. Suppose 0 = -5*h + b*h + r + 8, 3*r + 12 = 3*h. Suppose h*n - 238 = -2*c, -4*c + 488 = 3*n + 2*n. Is c composite?
False
Suppose 12 = 3*y + 3. Suppose -18 = -4*q - 3*c, y = -3*q - 3*c + 15. Suppose 3415 = q*a - a. Is a a prime number?
True
Let z(g) = 545*g**2 - 7*g - 111. Is z(-17) composite?
False
Let o = 344 + -341. Suppose 3*k - 5*h = 4133, h + 4135 = 3*k - o*h. Is k prime?
True
Suppose -4*f + 2*t - 25 = 7*t, 2*t + 34 = -4*f. Let d(v) = 155*v**2 - 13*v + 31. Is d(f) composite?
False
Let q = 43134 + 86953. Is q a prime number?
True
Suppose -12 = 2*s, -58894 - 52929 = -a - 2*s. Is a prime?
False
Suppose 3*i = y - 0*i - 13283, 4*y - 3*i - 53096 = 0. Suppose -v = 4*f - 13251, y = 4*f + 4*v - 7*v. Is f a prime number?
False
Suppose -498*w + 486*w + 93804 = 0. Is w prime?
True
Suppose 6 = -v - 0*v + 2*y, 0 = -4*v + 2*y. Let u = -4 + v. Is (1 - (3 - u)) + (196 - 1) a composite number?
False
Let b(o) be the third derivative of -43*o**4/3 - 191*o**3/6 - 3*o**2 + 63*o. Is b(-3) composite?
True
Let t(u) = -3*u**2 - 3*u - 4. Let g be t(8). Let o be g/((-1988)/496 - -4). Suppose 5*w - o - 8815 = 0. Is w a prime number?
True
Let k = 85 + -73. Let b be (k/8)/(2 + 5/(-4)). Suppose -3*z - 4*h + 179 = 0, 4*z = h + b*h + 272. Is z a prime number?
False
Suppose 4*o - 74554 = 3*z, 0 = -2*o + 331*z - 332*z + 37272. Is o a prime number?
True
Let c(b) = 9*b**2 + 7*b + 2. Let i(j) = -9*j**2 - 7*j - 2. Let u(d) = -3*c(d) - 4*i(d). Let n be u(-5). Is (n - -1) + (1 - -2) + 3 prime?
True
Let n(f) = -1887*f + 84. Let d be n(-6). Suppose 11*g - 5*g = d. Is g a prime number?
True
Suppose -3*l = a - 1210, 0*a + 2*l = 5*a - 6067. Let h = 335 - 1021. Let s = a + h. Is s composite?
True
Let z(d) = -d**2 + 3*d + 45. Let o be z(8). Suppose 5*s = -o*q + 40695, 3*s - 7*q - 24437 = -5*q. Is s a prime number?
False
Let h(r) = 247*r**2 + 11*r - 7. Let g(j) = -j**2 - 10*j + 21. Let y be g(-12). Let f be 1/(-5) + (-56)/20 + y. Is h(f) prime?
True
Let g be 80/(-32)*(-12)/10. Suppose -3*a = -g*z - 3795, -a + 4*z + 774 = -482. Suppose -14*s + 10*s + a = 0. Is s a composite number?
False
Let d = 269025 + 123296. Is d prime?
True
Let y = -426 + 430. Suppose 2*z + y*x = 6*x + 20694, 4*z - x = 41376. Is z prime?
True
Let d = -2071 - 4086. Let a = d - -9058. Is a prime?
False
Let n(s) = s**3 - 8*s**2 + 14*s - 7. Let x be n(7). Suppose 26*o - x*o + 31184 = 0. Is o composite?
False
Let g(q) be the third derivative of -q**4/24 + q**3/6 - 5*q**2. Let b(p) = 5*p**2 - 16*p + 6. Let u(z) = b(z) - 5*g(z). Is u(8) composite?
False
Let b be (-3)/7 - (-981218)/98. Suppose -j = 2*i - 121 - b, 5*j + 3*i - 50651 = 0. Is j prime?
False
Suppose 1256638 = 2*s - 4*m, 151*s + 3*m = 147*s + 2513210. Is s a composite number?
True
Let t be (-1)/((-3)/179) - 37/(-111). Is ((-40)/t)/((-2)/18999) a composite number?
True
Let o(b) = 3*b + 12*b**3 + 3 - 391*b**2 + 391*b**2. Let r be o(4). Let n = -520 + r. Is n a prime number?
True
Let o be 3 + 1*(5 + 0). Suppose -2*b - 38 + o = 0. Is 4734/10 + 6/b prime?
False
Let a(z) = 588*z**3 - 13*z**2 + 13*z - 1. Let r(m) = -1176*m**3 + 27*m**2 - 27*m + 2. Let k(t) = 5*a(t) + 2*r(t). Is k(1) composite?
False
Let z(f) = -50 + 66 - 23*f + 61 + 3*f. Is z(-9) a prime number?
True
Let s = -75 + 39. Let l be (-2 - s/10) + (-8)/(-20). Is ((-1)/4 - 0)*(l - 2590) prime?
True
Suppose -3*h - 27 = -94*u + 95*u, 0 = -3*h - 2*u - 27. Let p(f) = -2*f - 5*f - 5 + 3*f. Is p(h) composite?
False
Let m(p) = -4*p**3 + 25*p**2 - 6*p + 4. Let t be m(6). Suppose -t*y - 4*i + 7772 = 0, 5*i = -3*y + 684 + 5145. Is y prime?
False
Let u(g) be the first derivative of -361*g**2/2 + 3*g - 88. Is u(-16) prime?
True
Suppose -16*w = -19*w - 132. Let s be (-11)/w - (-1678)/8. Suppose s = 11*d - 8689. Is d a composite number?
False
Let c(d) = d**3 + 39*d**2 - 26*d + 5. Suppose -7*x = 2*x + 153. Is c(x) composite?
True
Suppose 0 = -d - 3*v - 10, -2*d + 6*d - 4*v = 40. Is -8 + d + 7/((-28)/(-2360)) prime?
True
Is ((-431470)/(-1690))/(2/26) a prime number?
True
Suppose 0 = 2*d - 4*j + 10 - 30, -5*d = -2*j - 58. Suppose -d*q + 5922 = 6*q. Is q a prime number?
False
Let z be 12/(-9)*5679/6. Suppose -56 = 132*j - 1112. Is (z/(-4))/(135/(-18) + j) prime?
True
Let a be -3 - (18/(-10) + 4/5). Let z be ((-373)/a)/((-12)/(-192)). Is (-1 - -2)/(8/z) a composite number?
False
Suppose -2831*w = -2850*w + 1923541. Is w a composite number?
True
Suppose f = 66 - 62. Suppose 2*m - 12 = -f*g + 2*g, 0 = -2*g + 2*m + 4. Is ((9/(-3))/(-3))/(g/1028) a prime number?
True
Suppose 4*b + g + 328 = 0, -4*b + 5*g - 328 = -0*b. Let z = 74 + b. Is (37*28)/2 - (z + 5) composite?
False
Let z = -15 + 3. Let b(g) = 8*g**2 + 21*g - 2. Let d be b(z). Suppose 29*a + d = 31*a. Is a a composite number?
False
Suppose 6*j = 2*j + v - 131791, -j + 4*v = 32959. Let s = -19550 - j. Is s prime?
True
Let b = -434866 + 759539. Is b prime?
True
Suppose -12*b - b + 52 = 0. Suppose g + 2*j = -20, b*g = -5*j - 34 - 40. Let x = g + 47. Is x a prime number?
True
Let u(j) = -12*j**3 - j + 1. Let w be u(1). Let o(q) = -28 - 12*q + 16*q**2 + 3*q + 0*q + 43. Is o(w) a prime number?
False
Let f = 249 - 254. Is 2*-1 - (f + 6) - -4408 a prime number?
False
Suppose p - d - 34799 = 0, -23*d = 2*p - 20*d - 69568. Is p composite?
True
Suppose 59*s + 136*s - 11902215 = 0. Is s composite?
True
Let o = 186 + -158. Suppose -o*u = -24*u - 5444. Is u a composite number?
False
Let d = 178 + -98. Let v = 77 - d. Is 767 - (5 + v - 1) a composite number?
True
Let g be 2/(-7) + 894/42. Suppose -1185 = -g*f + 18*f. Is f a composite number?
True
Let k(c) = 16*c - 77. Let z be k(18). Let a be (57/6)/((-2)/24). Let l = z + a. Is l prime?
True
Let f = 130167 + 11930. Is f a prime number?
True
Let o(g) = 163*g**3 - g**2 - 2*g + 3. Let c be (36/4)/3 - 1. Let f be o(c). Let z = -832 + f. Is z composite?
False
Suppose -3*p + 90344 = -3*d - 1056391, 5*p = -3*d + 1911241. Is p a prime number?
False
Is (-403)/31 + 6*342 composite?
False
Let p(a) = 354*a**2 + 325*a**2 - a - 96 - 650*a**2 + a**3. Is p(-23) a composite number?
True
Let t be (22/(-8))/(2/(-16)). Let s(r) = r**3 - 20*r**2 + 6*r - 18. Is s(t) composite?
True
Suppose 30*p - 70 = 44*p. Is 7861/((-2 - p - 1)/2) a composite number?
True
Let t = 10628 - 5476. Let c = 27578 - t. Is c a composite number?
True
Suppose 2246 = -2*u + 6*i - i, 3*i = 0. Let a = u - -10236. Is a composite?
True
Is (-2 - -1)/(3/9) + (39 - -76297) a composite number?
False
Let k = -1763 - -9320. Suppose -3*o - 4*l = -2*l - k, o + 2*l = 2515. Is o prime?
True
Let o = -224093 + 719946. Is o prime?
False
Let r(s) = -7069*s - 350. Is r(-3) prime?
True
Let q = 2312 + -846. Let o = 2543 - q. Is o a prime number?
False
Suppose -324513 = -150*i + 140*i + 145337. Is i prime?
False
Let p be 78/2*-2228*(-9)/108. Suppose p = 4*q - 2987. Is q a composite number?
False
Let t(z) be the second derivative of z**5/10 + 23*z**4/6 - 7*z**3/3 - 29*z**2/2 - 27*z. Is t(-20) a composite number?
True
Let z(c) = -4*c**3 - 30*c**2 + 29*c - 16. Is z(-21) prime?
True
Let z = 540108 - -149653. Is z a composite number?
False
Let p = -3562 + 2053. Let i(x) = 970*x. Let q be i(3). Let z = p + q. Is z a composite number?
True
Let z(h) = 112*h + 6. Let y be z(5). Let p be -4326*((-8)/(-56))/((-2)/7). Let x = p - y. Is x a composite number?
False
Let n = -375 + 380. Suppose -9202 = -n*u - 1007. Is u a prime number?
False
Let d = -131093 - -259684. Is d composite?
False
Let z(s) = s**2 + 23*s - 25. Let c be z(-24). Let g(m) = -1271*m. Is g(c) prime?
False
Let s = 8993 + -3659. Suppose 4*z = h - 2*h + 1781, 3*z - s = -3*h. Is h a prime number?
True
Let f = -82 - -61. Is 4 + (-270591)/f + 18/(-63) a composite number?
False
Let g(c) = 512*c - 5. Suppose 4*k + 5*p - 8 = 0, 0 = -0*k - 3*k - 4*p + 6. Let z be g(k). Suppose z + 153 = 4*h. Is h prime?
True
Let k be 2/(-13) - (-261160)/(-65). Let m = 1664 + k. Is (m/6)/((-5)/15) composite?
True
Let g(o) = 12 + 2*o**2 - 3 - 2 + 13*o + 9. Let k be g(-11). Suppose 3*x + 175 = 5*w - k, 65 = w - 2*x. Is w composite?
True
Suppose 23 - 5 = 6*f. Let o be (-3)/(-6)*(3 - 1)*f. Suppose -b + o*l - 7 = -50, 3*l = 2*b - 77. Is b a composite number?
True
Suppose 3*b + 9 